alculate the remainder when a is divided by q(2).
6
Suppose -5*n = -4*p - 0*n + 1971, 5*n - 963 = -2*p. Calculate the remainder when p is divided by 31.
24
Let f be (-4)/(-10) + -1 + (-6260)/(-100). Let m = -7 + 11. Suppose s + u - f + 0 = 0, -m*s - u = -233. What is the remainder when s is divided by 20?
17
Let p be (-4)/6 - (-5)/3. Let z be 1/(6/4) - 16/(-48). Let o = z + p. Calculate the remainder when 5 is divided by o.
1
Let u be (-2)/(-9) - 34/(-9). Let v(m) = -m**2 - 35*m - 210. Let o be v(-27). Calculate the remainder when 23 is divided by 2/((-22)/o + u).
5
Let j(s) = -4*s + 167. Calculate the remainder when j(29) is divided by 37.
14
Let c be ((-18)/45)/(1/5). Let p = 10 - c. Let s = 80 - 47. What is the remainder when s is divided by p?
9
Let u(z) = z**3 + 9*z**2 + z + 4. Let s be u(-7). Let w = 145 - s. Calculate the remainder when w is divided by 13.
11
Let c = -1336 + 1361. Suppose 23 = 5*x + r - 0*r, -3*x + 2*r = -19. Calculate the remainder when c is divided by 136/10 - (-2)/x.
11
Let c(d) be the second derivative of d**5/10 - 2*d**4/3 + 7*d**3/6 - 11*d**2/2 + 9*d. What is the remainder when c(5) is divided by 7?
4
Let u(i) = -i**3 + 2*i**2 + 23*i + 3. Calculate the remainder when 2/6 + (-3447)/(-27) is divided by u(5).
42
Let x(g) = -g**2 + 9*g. Let u be x(4). Suppose u + 4 = n. Calculate the remainder when n is divided by 9.
6
Let c(b) = -b**3 + 11*b**2 + 2*b - 7. Let j be c(10). Suppose 2*o - 6*o = -2*k - 110, -5*k - j = -4*o. What is the remainder when o is divided by 10?
7
Let m = -641 + 664. Calculate the remainder when 67 is divided by m.
21
What is the remainder when (-1268)/(-6) + -6 - 3/9 is divided by 69?
67
Let m(g) = 3*g**2 + 42*g - 98. What is the remainder when 1702 is divided by m(-17)?
52
Suppose 5*n + 0*n = 35. Let g(f) = 11 + 3*f - 3*f - f. Calculate the remainder when g(-8) is divided by n.
5
Let p(f) = f**2 - f - 5. Let r = -6 + 2. Let x(i) = i**3 - 6*i**2 - 6*i - 3. Calculate the remainder when p(r) is divided by x(7).
3
Suppose -14*z + 882 = 266. What is the remainder when z is divided by 9?
8
Let m be 12/30 - (-13)/5. Calculate the remainder when 30 is divided by 132/(-110)*(-40)/m.
14
Let h = -22 - -37. Suppose -w - 2 - 11 = -5*q, 5 = w + q. What is the remainder when w - (2384/(-44) + (-2)/(-11)) is divided by h?
11
Suppose 38*v - 57268 = -65*v. What is the remainder when v is divided by 40?
36
Suppose 2 = s + s, 5*o - 73 = -3*s. What is the remainder when o is divided by 8?
6
Let o be (-55)/(-2)*(1 - 3). Suppose -2*k - 2*l + 329 - 89 = 0, -5*l - 435 = -4*k. Let n = o + k. What is the remainder when n is divided by 21?
18
Suppose 0*z = -z. Suppose y - 1 + 10 = z. Let s = 18 + y. What is the remainder when 26 is divided by s?
8
Suppose 18*j + 25125 = 43*j. Calculate the remainder when j is divided by 12.
9
Suppose 30 = f - 6. Suppose -13*n + f = -10*n. Calculate the remainder when 20 is divided by n.
8
Let f be (2 + -5)/((-6)/(-16)). Let y(p) = p**3 + 9*p**2 - 8. Suppose -4 = 4*w - 3*w, 3*w = -2*d + 18. Calculate the remainder when y(f) is divided by d.
11
Let a(i) = -i**3 - 36*i**2 + 26*i + 138. Calculate the remainder when a(-37) is divided by 25.
20
What is the remainder when 15 is divided by (30/4)/((-3)/(-6)) + -2?
2
Let n = 3 - 7. Let w = n - -9. Suppose -w*x + 2*x + 114 = 0. What is the remainder when x is divided by 10?
8
Let l(w) = w**2 + 2*w. What is the remainder when (92/12)/(2/12) is divided by l(4)?
22
Let d be ((-10)/6)/((-3)/(-9)). Let v(r) = 0 + 0*r**3 + 5*r**2 - 2*r + 6*r**3 - 5*r**3 + 5 + 0*r**3. What is the remainder when 28 is divided by v(d)?
13
Let y(x) be the third derivative of -x**4/24 + 2*x**3 + 18*x**2. Calculate the remainder when y(7) is divided by 4.
1
Suppose 15 = 4*m + 3*h - 4, 3*m + 5*h = 28. Let c be (m + -2)/(7/(-245)). Suppose -125 = -3*d - c. Calculate the remainder when d is divided by 8.
6
Let w(m) = 2*m**2 + 12*m - 3. Calculate the remainder when w(6) is divided by 9.
6
Let b(c) = 19*c - 152. What is the remainder when 262 is divided by b(11)?
34
Let p = -1391 + 1463. What is the remainder when 141 is divided by p?
69
Suppose -2*q + 24 = i - 5*i, 3*q + 4*i = 56. Let r be (2 - 1)/((-4)/q). What is the remainder when (2/(-4))/(r/344) is divided by 11?
10
Let y be (-110)/6 + 8/(-12). Let c = y + 55. Let i(j) = 6*j**2 - 4*j + 3. Calculate the remainder when c is divided by i(2).
17
Let a(q) = 57*q - 353. Calculate the remainder when a(10) is divided by 57.
46
Let y(l) = 9*l - 215. What is the remainder when 1087 is divided by y(27)?
23
Calculate the remainder when 5 - 2*(164/(-8) + -5) is divided by 14.
0
Let o be ((-172)/(-6))/(2/3). Suppose -o - 45 = -4*j. Let u(s) = -s + 12. What is the remainder when j is divided by u(0)?
10
What is the remainder when (21/(-3))/((-392)/13384) is divided by 49?
43
Suppose 4*i = 2*u + 18 - 0, 0 = -2*u - 2. Suppose i*k - 119 = 37. What is the remainder when k is divided by (21 - 1)*(-1)/(-2)?
9
Let l be -2 + (-2 - 4/2). Let v(f) = -f**3 - 6*f**2 - f + 6. What is the remainder when 3 + -3 + (-34)/(-1) is divided by v(l)?
10
Suppose 0 = 32*n - 167 - 185. Calculate the remainder when 1305 is divided by n.
7
Let h(q) = -3*q + 6 + 24 + 2*q - 16. Let y(w) = w**3 + 5*w**2 - 2*w. What is the remainder when h(-14) is divided by y(-5)?
8
Let y(t) = -t**3 - 9*t**2 + 30*t + 255. Calculate the remainder when y(-11) is divided by ((-1 - -12) + 3)*2.
27
Let i = 272 + -226. Let s(g) = g**3 - g**2 - g + 181. What is the remainder when s(0) is divided by i?
43
Let v(m) = m**2 + 4*m - 2. What is the remainder when (4*730/(-80))/(2/(-4)) is divided by v(-7)?
16
Suppose -391 = 2*v - 421. Let s = 24 - -1. What is the remainder when s is divided by v?
10
Let z(p) = 2*p**3 + 43*p**2 - 26*p - 78. What is the remainder when 337 is divided by z(-22)?
7
Suppose 2*k = -0*k + 4. Let n(i) = 2*i**3 - i**2 - 5*i + 3. Calculate the remainder when 15 is divided by n(k).
0
Suppose -5*k - 4*r = -11, 4*k - 4*r - 10 = 6*k. What is the remainder when (-2)/(-5) + 88/5 is divided by k?
4
Suppose -7*c + 2 + 103 = 0. What is the remainder when 207 is divided by c?
12
Let k(x) = 402*x - 7. Let j be k(1). Suppose -239 = -3*i + 3*n + n, 5*n = 5*i - j. What is the remainder when i is divided by 39/2 - (-2)/4?
17
Let j be 2/(-3*6/63). Let i be ((-2)/7)/(2/j). Suppose n - 2*z = -2*n + i, 0 = 2*n - 5*z + 14. What is the remainder when 8 is divided by n?
2
Let j be (-4 - -4)/2*1. Let c be (j - (-3 - -3))*1. Suppose c = -6*l + 7*l - 13. What is the remainder when 62 is divided by l?
10
Let j(z) = -z**3 + 10*z**2 - 18*z + 14. Calculate the remainder when j(6) is divided by 21.
8
Let x = 16 - 8. Suppose -29 = -x*i + 7*i. What is the remainder when i is divided by 6?
5
Suppose 17*l - 1 = 16*l. Calculate the remainder when -94*(3/(-2) + l - 0) is divided by 7.
5
Let v(o) = 29 + 28 + 8*o**2 + 9*o + 2*o - 42 + o**3. Calculate the remainder when 103 is divided by v(-6).
19
Let a(o) = 6*o**2 + 18*o - 5. Let m(h) = -5*h**2 - 17*h + 5. Let d(c) = 4*a(c) + 5*m(c). Calculate the remainder when 186 is divided by d(-6).
45
Let o be 1/1 + -1 - 0. Let b(d) = 2 - 3*d + 5*d + 5 + 12. Calculate the remainder when b(o) is divided by 4.
3
Let f(w) = -24*w - 3*w**2 - 3*w**2 - 13 - 10*w**2 + 13*w**2. Let x = 30 - -1. Calculate the remainder when x is divided by f(-7).
7
Let r = -157 + 162. Let w = -4 + 12. What is the remainder when w is divided by r?
3
Let s(r) = r**3 + 16*r**2 + 18*r - 61. What is the remainder when s(-14) is divided by 5?
4
Let k(f) = 2*f**3 + 66*f**2 + 3*f + 109. Let h = 2 - -3. Suppose -10 = 3*g - g, -g = h*z - 25. What is the remainder when k(-33) is divided by z?
4
Suppose 2*i - 126 = -3*m, i + i + 5*m - 118 = 0. Suppose 4*j + i = 201. Calculate the remainder when 65 is divided by j.
32
Let j(v) = -v**2 - v + 4. Let u be j(-3). Let r be 203/(-7)*2/u. Let l = 27 + r. Calculate the remainder when l is divided by 29.
27
Suppose -41 = -2*k - 2*t + 21, -4*k + 115 = t. Let h(u) = -u**3 + 8*u**2 + u - 2. Calculate the remainder when h(7) is divided by k.
26
Let n = 49 - 44. Suppose n*c - 220 = -30. What is the remainder when c is divided by 10?
8
Suppose 4*d + 15 - 3 = 0, 0 = j + 4*d - 32. Suppose 4*a + 4 - j = 0. Calculate the remainder when 27 is divided by a.
7
Let q = 2 - -1. Calcu